ppose -h + 6 = 2*k, -2*h + 4*k + 0*k = -12. Let b = 24 - h. What are the prime factors of b?
2, 3
Suppose 0 = -b + 17 - 2. List the prime factors of b.
3, 5
Let l be 2*6/(-4) - -15. What are the prime factors of (l/(-14))/((-3)/105)?
2, 3, 5
Let i(s) = s**2 + 5 - 6*s + 3 - 4. What are the prime factors of i(8)?
2, 5
Let g = 1014 - 699. List the prime factors of g.
3, 5, 7
Let p be 262/8 + 1/4. Let b = p - 23. List the prime factors of b.
2, 5
Let x = 180 - 149. What are the prime factors of x?
31
Let g = -24 + 45. Let j = -6 + g. Suppose 2*x - j = 3. What are the prime factors of x?
3
Let l be 0 - (-1 - (-46)/(-1)). Suppose -2*h + 7 = -l. List the prime factors of h.
3
Suppose 3*b - 35 = -4*b. What are the prime factors of b?
5
Suppose 6 = 5*g - 3*g. Let y = -16 - -34. Suppose g*z - 15 = y. List the prime factors of z.
11
Let u = 2 - -1. Suppose 5*v - 2*s + s - 53 = 0, -u*v - 4*s = -41. List the prime factors of v.
11
Let a = -4 - 1. Let o(k) = -2*k + 2. List the prime factors of o(a).
2, 3
Let x = -27 + 98. List the prime factors of x.
71
Suppose -2*s - 6 = -0*s. List the prime factors of s/12 + (-500)/(-16).
31
Suppose 0 = -2*h - h + 111. What are the prime factors of h?
37
Let a be 1/(3/6)*-6. Let j be ((-12)/10)/(a/440). Suppose -6*b + j = -2*b. List the prime factors of b.
11
Suppose -135 = -3*c + 3*w, -5*w = -4*c + 3*c + 25. What are the prime factors of c?
2, 5
Let r = -35 - -83. What are the prime factors of r?
2, 3
Let q = -8 - -2. Let a be 20/q*6/(-5). Suppose 5 = a*v - 3*v. What are the prime factors of v?
5
Let z be (-2)/9 - (-80)/36. Suppose v - 3*y = z*y - 9, -2*v + y = -9. What are the prime factors of v?
2, 3
Suppose 4*x = -0*x + 12. Suppose x*t = 2*d - 29, 4*d + 2*t - 63 = 3*t. List the prime factors of d.
2
Let x(p) = -p**3 + 10*p**2 + 4*p + 24. What are the prime factors of x(10)?
2
Suppose -2*j = 2*j - 128. List the prime factors of j.
2
Let y(d) = d**2 + 2*d - 2. List the prime factors of y(-5).
13
Suppose v + 0*v - 2*m = -9, -2*v = 3*m + 4. Let u(t) = -8*t - 12. What are the prime factors of u(v)?
2, 7
Let u(l) = l**3 - 3*l + l + 4 + 4*l**2 + 0*l**3 + 0*l**2. What are the prime factors of u(-3)?
19
Let y(o) = -o**2 - 8*o - 9. Let i be y(-6). Suppose i*s + 34 = 97. List the prime factors of s.
3, 7
Suppose x = 2*x + 1. Let h be (-18)/(-8) + (-9)/36. What are the prime factors of -2 - (11*x + h)?
7
Let h(z) = -2*z**2 + 7*z - 4. Let i be h(4). List the prime factors of 147/12 - (-2)/i.
2, 3
Suppose -5*j + z = -175, 3*j + 3*z + 49 = 4*j. Let l be (0 + (-34)/(-4))/(17/(-34)). Let k = j + l. What are the prime factors of k?
17
Suppose 0 = -0*w + 2*w - 5*o - 163, 12 = 4*o. List the prime factors of w.
89
Let y(m) = 3 + 3*m + 6 - 6 + 10*m**2 - 4*m**2. What are the prime factors of y(-2)?
3, 7
Let g(v) = 4*v**3 - v**2 - 4*v + 3. What are the prime factors of g(2)?
23
Let h = 223 - 109. What are the prime factors of h?
2, 3, 19
Let j be -2 + 0 + 0 - -5. Suppose -56 = -3*r - h, 3*r + 3*h - 33 = 15. Suppose y = j*y - r. List the prime factors of y.
2, 5
Let p = -2 + 13. Let t(n) = -n**3 + 12*n**2 - 12*n + 15. Let q be t(p). Suppose 4*k = -c - 2, 2*c - k = q*c - 24. List the prime factors of c.
2, 7
Suppose -5*b + 65 = -70. Let w = -19 + 3. Let g = b + w. What are the prime factors of g?
11
Suppose -2*n + 1664 = 14*n. What are the prime factors of n?
2, 13
Let t(v) be the second derivative of -7*v**3/6 - 15*v**2/2 - 4*v. What are the prime factors of t(-8)?
41
Suppose 0*b = 4*b + 5*l - 57, 3*b + 4*l = 42. Let h = b + 4. Let n = h + -3. What are the prime factors of n?
19
Suppose 37*g - 38*g = -25. What are the prime factors of g?
5
Suppose 0 = 2*i - 101 - 11. What are the prime factors of i?
2, 7
Let x = -9 + 25. Let d be (-18)/12*x/(-3). Let v(t) = -t + 15. What are the prime factors of v(d)?
7
Suppose 10*f - 8*f - 214 = 0. List the prime factors of f.
107
Suppose 5*i = -47 + 217. Let d = i + -8. List the prime factors of d.
2, 13
Suppose 4*w = -0*w + 108. What are the prime factors of w?
3
Suppose 0 = -w - 4*w + 70. List the prime factors of w.
2, 7
What are the prime factors of 6/(-15) + 5/(50/954)?
5, 19
Let q = 24 + -20. Suppose 4*h - 38 = 3*w, 5*h - q*w - 9 = 38. What are the prime factors of h?
11
Let w = -15 - -97. List the prime factors of w.
2, 41
Suppose 0*a = 4*a + j - 120, 0 = 4*a + 3*j - 120. Suppose 4*x + a = 94. What are the prime factors of x?
2
Let h = -59 + 82. Suppose 2*i + 4*j - 61 = h, 2*i - 78 = 2*j. What are the prime factors of i?
2, 5
Let z be ((-80)/6)/(3/9). Let k = 64 + z. List the prime factors of k.
2, 3
Let y = 3 - 1. Let i = 6 - y. What are the prime factors of i?
2
Let m(s) = -2*s**3 + 5*s**2 - 3*s + 1. Let v be m(3). Let k = 4 - v. What are the prime factors of k?
3, 7
Let g(n) = -4*n + 2. Let y(z) = -z**2 + 6*z - 2. Let r be y(6). List the prime factors of g(r).
2, 5
Let v = -2 + 9. Let x(l) = -2 + 4 + v*l - 1. What are the prime factors of x(1)?
2
Suppose -k = -4*r + 147, -4*r + 2*r - 5*k = -57. What are the prime factors of r?
2, 3
Let m = 2 - 0. Let n be 1/(-2)*(m + -2). List the prime factors of n/(5 + -2) + 5.
5
Let s(n) = -n**3 + 7*n**2 - 5*n - 2. Let z be s(6). Suppose -2*y + z*y = 62. List the prime factors of y.
31
Let g(l) = -l**3 + 8*l**2 - 8*l + 10. Let v be g(7). Suppose -h = -2*t - v*t - 52, -4*h + 208 = 4*t. List the prime factors of h.
2, 13
Let k(x) = -x**3 + 9*x**2 - 4*x - 8. List the prime factors of k(7).
2, 31
Let v(k) = k**2 + 11*k + 3. Suppose -9 = -m - 4*d, -2*m + 4*d = 24 + 18. What are the prime factors of v(m)?
3
Let w be 17 - (-1 - 0)*-2. Let s = 27 - w. List the prime factors of s.
2, 3
Suppose 3*j + 4*l = 8*j - 37, j + 2*l = -1. Let w = 68 - 22. Suppose 5*o = -0*z - z - j, 2*z - 4*o = w. List the prime factors of z.
3, 5
Let i = 31 - 25. What are the prime factors of i?
2, 3
Let p = 3 - -4. Let u = p + 45. What are the prime factors of u?
2, 13
Let z be (-15)/20 - 19/(-4). List the prime factors of (-348)/(-30) - z/(-10).
2, 3
Let m(g) = 31*g - 46. List the prime factors of m(6).
2, 5, 7
Let i = 206 - 120. List the prime factors of i.
2, 43
List the prime factors of ((-3)/((-3)/214))/2.
107
Let g = -10 + 15. Suppose l = -g*a + 10 + 7, 0 = 3*a - 4*l - 24. List the prime factors of (9/2)/(2/a).
3
Let c be 14 - 3/2*2. Let b(y) = y**2 - 12*y + 15. What are the prime factors of b(c)?
2
Let x = 0 - 9. Let y = 19 + x. What are the prime factors of y?
2, 5
Let h(g) = 2*g - 2. Let o be h(3). Suppose p + o = 15. What are the prime factors of p?
11
Suppose -5*q = -6 - 4. Suppose -4*d = -t + 59, -q*d + t + 16 - 47 = 0. Let z = -9 - d. What are the prime factors of z?
5
Let f = 31 - -6. List the prime factors of f.
37
Let w = -3 - -10. Let a = w - -4. List the prime factors of a.
11
What are the prime factors of 6/3 + 24/3?
2, 5
Let g be 261/15 - 4/10. Let j(i) = -i**3 + 3*i**2 - 3*i + 3. Let x be j(3). Let o = x + g. List the prime factors of o.
11
Let c be 2/(-3) - 58/(-6). List the prime factors of c/6*(4 - -16).
2, 3, 5
Let z be ((-8)/12)/(1/(-6)). Suppose p = z + 4. List the prime factors of p.
2
Suppose 2*c = -6, c + 15 = -3*k + 7*k. Suppose 24 = 5*y - 4*z, -36 = -k*y - 2*z - z. List the prime factors of y.
2
Let f be 4*(-2)/16*-22. Suppose 2*s - f = 3. What are the prime factors of s?
7
Let d = -4 - -1. Let p be -1*(1 + d + 2). What are the prime factors of 1*(8 + p)*1?
2
Let g(c) = -6*c - 2. Suppose 2*o = 6*o + 8. Let w be g(o). Suppose 2*q = -u + w, -4*q - 3*u + 31 = 11. What are the prime factors of q?
5
Let r(d) = d**2 + d - 2. Suppose 0*y + 18 = -3*y. Let i be r(y). Suppose i - 8 = 4*w, w - 13 = -2*b. What are the prime factors of b?
2
Let l(d) be the third derivative of 3*d**5/20 - d**4/12 + d**3/6 + 2*d**2. What are the prime factors of l(1)?
2
Let n = 252 - 158. List the prime factors of n.
2, 47
Suppose 0*f + f - 5*d + 12 = 0, 4*f - 4*d = 0. Suppose -h - 5*y + 4 = -6, 5*h - 160 = -f*y. List the prime factors of h.
5, 7
Let s = 9 - 1. Let l = s + -6. Suppose 2*w = 2*b - 26, -w + l*w = 3*b - 41. List the prime factors of b.
2, 7
Let l = -12 - -22. List the prime factors of l.
2, 5
What are the prime factors of -20 - -17 - -1*139?
2, 17
Suppose 0 = 4*l + 32. Let w(x) = x. Let d be w(-4). Let c = d - l. What are the prime factors of c?
2
Suppose -10 = 2*a - 4*h, 3*a